{"id":5893,"date":"2024-02-05T13:21:46","date_gmt":"2024-02-05T13:21:46","guid":{"rendered":"https:\/\/test.kemoplastika.hr\/?post_type=product&#038;p=5893"},"modified":"2025-10-07T10:47:50","modified_gmt":"2025-10-07T10:47:50","slug":"dezikem-ba-bezalkoholno-sredstvo-za-dezinfekciju-povrsina","status":"publish","type":"product","link":"https:\/\/kemoplastika.hr\/index.php\/product\/dezikem-ba-bezalkoholno-sredstvo-za-dezinfekciju-povrsina\/","title":{"rendered":"DEZIKEM BA (Bezalkoholno sredstvo za dezinfekciju povr\u0161ina )"},"content":{"rendered":"<p><b>Biocidni proizvod rabiti pa\u017eljivo. Prije uporabe uvijek pro\u010ditati deklaraciju i podatke o proizvodu<\/b>.<b><span class=\"Apple-converted-space\">\u00a0<\/span><\/b><\/p>\n<p>Bezbojna teku\u0107ina, bez alkohola i aldehida. Aktivne tvari koje sadr\u017ei su alkil (C12-C14) dimetil (etilbenzil) amonijev klorid i alkil (C12-C18) dimetilbenzil amonijev klorid (1,5 g\/kg). Primjenjuje se za \u010di\u0161\u0107enje i brzu dezinfekciju manjih i blago zaprljanih povr\u0161ina osjetljivih na alkohole i aldehide kao \u0161to su povr\u0161ine od akrilnog stakla i pleksiglasa. Pogodan je za primjenu u doma\u0107instvu i svim granama prehrambene industrije, ugostiteljstvu te na povr\u0161inama namijenjenim javnom zdravstvu. Osvje\u017eavaju\u0107eg mirisa citrusa.<\/p>\n<p><b>Rje\u0161enje Ministarstva Zdravstva<\/b><\/p>\n<p>Klasa: UP\/I-543-04\/25-05\/128<span class=\"Apple-converted-space\">\u00a0<\/span><\/p>\n<p>Ur. broj: 534-03-3-2\/9-25-2<\/p>\n<p><b>UPUTE ZA UPORABU:<\/b><b><\/b><\/p>\n<p>Upotrebljava se nerazrije\u0111en, raspr\u0161ivanjem ili prebrisavanjem tako da povr\u0161ina bude potpuno mokra. Ostaviti da se osu\u0161i ili nakon nekoliko trenutaka prebrisati tretiranu povr\u0161inu \u010distom krpom ili papirom. Ispiranje nije potrebno. Jako zaprljane povr\u0161ine potrebno je prije dezinfekcije temeljito oprati i isprati.<\/p>\n<p><span class=\"Apple-converted-space\">\u00a0<\/span><\/p>\n","protected":false},"excerpt":{"rendered":"<p><b>Biocidni proizvod rabiti pa\u017eljivo. Prije uporabe uvijek pro\u010ditati deklaraciju i podatke o proizvodu<\/b>.<b> <\/b><\/p>\n<p>Primjenjuje se za \u010di\u0161\u0107enje i brzu dezinfekciju manjih i blago zaprljanih povr\u0161ina osjetljivih na alkohole i aldehide kao \u0161to su povr\u0161ine od akrilnog stakla i pleksiglasa.<\/p>\n","protected":false},"featured_media":8525,"comment_status":"open","ping_status":"closed","template":"","meta":[],"etheme_brands":[{"term_id":42,"name":"Dezinfekcija","slug":"dezinfekcija","term_group":0,"term_taxonomy_id":42,"taxonomy":"brand","description":"","parent":0,"count":3,"filter":"raw"}],"product_brand":[],"product_cat":[21],"product_tag":[],"class_list":{"0":"post-5893","1":"product","2":"type-product","3":"status-publish","4":"has-post-thumbnail","6":"brand-dezinfekcija","7":"product_cat-dezinfekcija","9":"first","10":"instock","11":"shipping-taxable","12":"purchasable","13":"product-type-variable"},"yoast_head":"<!-- This site is optimized with the Yoast SEO plugin v27.5 - https:\/\/yoast.com\/product\/yoast-seo-wordpress\/ -->\n<title>DEZIKEM BA (Bezalkoholno sredstvo za dezinfekciju povr\u0161ina ) - Kemoplastika<\/title>\n<meta name=\"robots\" content=\"index, follow, max-snippet:-1, max-image-preview:large, max-video-preview:-1\" \/>\n<link rel=\"canonical\" href=\"https:\/\/kemoplastika.hr\/index.php\/product\/dezikem-ba-bezalkoholno-sredstvo-za-dezinfekciju-povrsina\/\" \/>\n<meta property=\"og:locale\" content=\"hr_HR\" \/>\n<meta property=\"og:type\" content=\"article\" \/>\n<meta property=\"og:title\" content=\"DEZIKEM BA (Bezalkoholno sredstvo za dezinfekciju povr\u0161ina ) - Kemoplastika\" \/>\n<meta property=\"og:description\" content=\"Biocidni proizvod rabiti pa\u017eljivo. Prije uporabe uvijek pro\u010ditati deklaraciju i podatke o proizvodu.   Primjenjuje se za \u010di\u0161\u0107enje i brzu dezinfekciju manjih i blago zaprljanih povr\u0161ina osjetljivih na alkohole i aldehide kao \u0161to su povr\u0161ine od akrilnog stakla i pleksiglasa.\" \/>\n<meta property=\"og:url\" content=\"https:\/\/kemoplastika.hr\/index.php\/product\/dezikem-ba-bezalkoholno-sredstvo-za-dezinfekciju-povrsina\/\" \/>\n<meta property=\"og:site_name\" content=\"Kemoplastika\" \/>\n<meta property=\"article:publisher\" content=\"https:\/\/www.facebook.com\/profile.php?id=61559590600523\" \/>\n<meta property=\"article:modified_time\" content=\"2025-10-07T10:47:50+00:00\" \/>\n<meta property=\"og:image\" content=\"https:\/\/kemoplastika.hr\/wp-content\/uploads\/2024\/02\/dezikem-ba-05l-kemoplastika.webp\" \/>\n\t<meta property=\"og:image:width\" content=\"1000\" \/>\n\t<meta property=\"og:image:height\" content=\"749\" \/>\n\t<meta property=\"og:image:type\" content=\"image\/webp\" \/>\n<meta name=\"twitter:card\" content=\"summary_large_image\" \/>\n<meta name=\"twitter:label1\" content=\"Procijenjeno vrijeme \u010ditanja\" \/>\n\t<meta name=\"twitter:data1\" content=\"1 minuta\" \/>\n<script type=\"application\/ld+json\" class=\"yoast-schema-graph\">{\"@context\":\"https:\\\/\\\/schema.org\",\"@graph\":[{\"@type\":\"WebPage\",\"@id\":\"https:\\\/\\\/kemoplastika.hr\\\/index.php\\\/product\\\/dezikem-ba-bezalkoholno-sredstvo-za-dezinfekciju-povrsina\\\/\",\"url\":\"https:\\\/\\\/kemoplastika.hr\\\/index.php\\\/product\\\/dezikem-ba-bezalkoholno-sredstvo-za-dezinfekciju-povrsina\\\/\",\"name\":\"DEZIKEM BA (Bezalkoholno sredstvo za dezinfekciju povr\u0161ina ) - Kemoplastika\",\"isPartOf\":{\"@id\":\"https:\\\/\\\/kemoplastika.hr\\\/#website\"},\"primaryImageOfPage\":{\"@id\":\"https:\\\/\\\/kemoplastika.hr\\\/index.php\\\/product\\\/dezikem-ba-bezalkoholno-sredstvo-za-dezinfekciju-povrsina\\\/#primaryimage\"},\"image\":{\"@id\":\"https:\\\/\\\/kemoplastika.hr\\\/index.php\\\/product\\\/dezikem-ba-bezalkoholno-sredstvo-za-dezinfekciju-povrsina\\\/#primaryimage\"},\"thumbnailUrl\":\"https:\\\/\\\/kemoplastika.hr\\\/wp-content\\\/uploads\\\/2024\\\/02\\\/dezikem-ba-05l-kemoplastika.webp\",\"datePublished\":\"2024-02-05T13:21:46+00:00\",\"dateModified\":\"2025-10-07T10:47:50+00:00\",\"breadcrumb\":{\"@id\":\"https:\\\/\\\/kemoplastika.hr\\\/index.php\\\/product\\\/dezikem-ba-bezalkoholno-sredstvo-za-dezinfekciju-povrsina\\\/#breadcrumb\"},\"inLanguage\":\"hr\",\"potentialAction\":[{\"@type\":\"ReadAction\",\"target\":[\"https:\\\/\\\/kemoplastika.hr\\\/index.php\\\/product\\\/dezikem-ba-bezalkoholno-sredstvo-za-dezinfekciju-povrsina\\\/\"]}]},{\"@type\":\"ImageObject\",\"inLanguage\":\"hr\",\"@id\":\"https:\\\/\\\/kemoplastika.hr\\\/index.php\\\/product\\\/dezikem-ba-bezalkoholno-sredstvo-za-dezinfekciju-povrsina\\\/#primaryimage\",\"url\":\"https:\\\/\\\/kemoplastika.hr\\\/wp-content\\\/uploads\\\/2024\\\/02\\\/dezikem-ba-05l-kemoplastika.webp\",\"contentUrl\":\"https:\\\/\\\/kemoplastika.hr\\\/wp-content\\\/uploads\\\/2024\\\/02\\\/dezikem-ba-05l-kemoplastika.webp\",\"width\":1000,\"height\":749},{\"@type\":\"BreadcrumbList\",\"@id\":\"https:\\\/\\\/kemoplastika.hr\\\/index.php\\\/product\\\/dezikem-ba-bezalkoholno-sredstvo-za-dezinfekciju-povrsina\\\/#breadcrumb\",\"itemListElement\":[{\"@type\":\"ListItem\",\"position\":1,\"name\":\"Po\u010detna stranica\",\"item\":\"https:\\\/\\\/kemoplastika.hr\\\/\"},{\"@type\":\"ListItem\",\"position\":2,\"name\":\"Trgovina\",\"item\":\"https:\\\/\\\/kemoplastika.hr\\\/index.php\\\/trgovina\\\/\"},{\"@type\":\"ListItem\",\"position\":3,\"name\":\"DEZIKEM BA (Bezalkoholno sredstvo za dezinfekciju povr\u0161ina )\"}]},{\"@type\":\"WebSite\",\"@id\":\"https:\\\/\\\/kemoplastika.hr\\\/#website\",\"url\":\"https:\\\/\\\/kemoplastika.hr\\\/\",\"name\":\"Kemoplastika\",\"description\":\"Dezinfekcija, gradnja, auto-moto, \u010di\u0161\u0107enje, ambala\u017ea\",\"publisher\":{\"@id\":\"https:\\\/\\\/kemoplastika.hr\\\/#organization\"},\"potentialAction\":[{\"@type\":\"SearchAction\",\"target\":{\"@type\":\"EntryPoint\",\"urlTemplate\":\"https:\\\/\\\/kemoplastika.hr\\\/?s={search_term_string}\"},\"query-input\":{\"@type\":\"PropertyValueSpecification\",\"valueRequired\":true,\"valueName\":\"search_term_string\"}}],\"inLanguage\":\"hr\"},{\"@type\":\"Organization\",\"@id\":\"https:\\\/\\\/kemoplastika.hr\\\/#organization\",\"name\":\"Kemoplastika\",\"url\":\"https:\\\/\\\/kemoplastika.hr\\\/\",\"logo\":{\"@type\":\"ImageObject\",\"inLanguage\":\"hr\",\"@id\":\"https:\\\/\\\/kemoplastika.hr\\\/#\\\/schema\\\/logo\\\/image\\\/\",\"url\":\"https:\\\/\\\/kemoplastika.hr\\\/wp-content\\\/uploads\\\/2025\\\/09\\\/logo.svg\",\"contentUrl\":\"https:\\\/\\\/kemoplastika.hr\\\/wp-content\\\/uploads\\\/2025\\\/09\\\/logo.svg\",\"width\":100,\"height\":100,\"caption\":\"Kemoplastika\"},\"image\":{\"@id\":\"https:\\\/\\\/kemoplastika.hr\\\/#\\\/schema\\\/logo\\\/image\\\/\"},\"sameAs\":[\"https:\\\/\\\/www.facebook.com\\\/profile.php?id=61559590600523\"]}]}<\/script>\n<!-- \/ Yoast SEO plugin. -->","yoast_head_json":{"title":"DEZIKEM BA (Bezalkoholno sredstvo za dezinfekciju povr\u0161ina ) - Kemoplastika","robots":{"index":"index","follow":"follow","max-snippet":"max-snippet:-1","max-image-preview":"max-image-preview:large","max-video-preview":"max-video-preview:-1"},"canonical":"https:\/\/kemoplastika.hr\/index.php\/product\/dezikem-ba-bezalkoholno-sredstvo-za-dezinfekciju-povrsina\/","og_locale":"hr_HR","og_type":"article","og_title":"DEZIKEM BA (Bezalkoholno sredstvo za dezinfekciju povr\u0161ina ) - Kemoplastika","og_description":"Biocidni proizvod rabiti pa\u017eljivo. Prije uporabe uvijek pro\u010ditati deklaraciju i podatke o proizvodu.   Primjenjuje se za \u010di\u0161\u0107enje i brzu dezinfekciju manjih i blago zaprljanih povr\u0161ina osjetljivih na alkohole i aldehide kao \u0161to su povr\u0161ine od akrilnog stakla i pleksiglasa.","og_url":"https:\/\/kemoplastika.hr\/index.php\/product\/dezikem-ba-bezalkoholno-sredstvo-za-dezinfekciju-povrsina\/","og_site_name":"Kemoplastika","article_publisher":"https:\/\/www.facebook.com\/profile.php?id=61559590600523","article_modified_time":"2025-10-07T10:47:50+00:00","og_image":[{"width":1000,"height":749,"url":"https:\/\/kemoplastika.hr\/wp-content\/uploads\/2024\/02\/dezikem-ba-05l-kemoplastika.webp","type":"image\/webp"}],"twitter_card":"summary_large_image","twitter_misc":{"Procijenjeno vrijeme \u010ditanja":"1 minuta"},"schema":{"@context":"https:\/\/schema.org","@graph":[{"@type":"WebPage","@id":"https:\/\/kemoplastika.hr\/index.php\/product\/dezikem-ba-bezalkoholno-sredstvo-za-dezinfekciju-povrsina\/","url":"https:\/\/kemoplastika.hr\/index.php\/product\/dezikem-ba-bezalkoholno-sredstvo-za-dezinfekciju-povrsina\/","name":"DEZIKEM BA (Bezalkoholno sredstvo za dezinfekciju povr\u0161ina ) - Kemoplastika","isPartOf":{"@id":"https:\/\/kemoplastika.hr\/#website"},"primaryImageOfPage":{"@id":"https:\/\/kemoplastika.hr\/index.php\/product\/dezikem-ba-bezalkoholno-sredstvo-za-dezinfekciju-povrsina\/#primaryimage"},"image":{"@id":"https:\/\/kemoplastika.hr\/index.php\/product\/dezikem-ba-bezalkoholno-sredstvo-za-dezinfekciju-povrsina\/#primaryimage"},"thumbnailUrl":"https:\/\/kemoplastika.hr\/wp-content\/uploads\/2024\/02\/dezikem-ba-05l-kemoplastika.webp","datePublished":"2024-02-05T13:21:46+00:00","dateModified":"2025-10-07T10:47:50+00:00","breadcrumb":{"@id":"https:\/\/kemoplastika.hr\/index.php\/product\/dezikem-ba-bezalkoholno-sredstvo-za-dezinfekciju-povrsina\/#breadcrumb"},"inLanguage":"hr","potentialAction":[{"@type":"ReadAction","target":["https:\/\/kemoplastika.hr\/index.php\/product\/dezikem-ba-bezalkoholno-sredstvo-za-dezinfekciju-povrsina\/"]}]},{"@type":"ImageObject","inLanguage":"hr","@id":"https:\/\/kemoplastika.hr\/index.php\/product\/dezikem-ba-bezalkoholno-sredstvo-za-dezinfekciju-povrsina\/#primaryimage","url":"https:\/\/kemoplastika.hr\/wp-content\/uploads\/2024\/02\/dezikem-ba-05l-kemoplastika.webp","contentUrl":"https:\/\/kemoplastika.hr\/wp-content\/uploads\/2024\/02\/dezikem-ba-05l-kemoplastika.webp","width":1000,"height":749},{"@type":"BreadcrumbList","@id":"https:\/\/kemoplastika.hr\/index.php\/product\/dezikem-ba-bezalkoholno-sredstvo-za-dezinfekciju-povrsina\/#breadcrumb","itemListElement":[{"@type":"ListItem","position":1,"name":"Po\u010detna stranica","item":"https:\/\/kemoplastika.hr\/"},{"@type":"ListItem","position":2,"name":"Trgovina","item":"https:\/\/kemoplastika.hr\/index.php\/trgovina\/"},{"@type":"ListItem","position":3,"name":"DEZIKEM BA (Bezalkoholno sredstvo za dezinfekciju povr\u0161ina )"}]},{"@type":"WebSite","@id":"https:\/\/kemoplastika.hr\/#website","url":"https:\/\/kemoplastika.hr\/","name":"Kemoplastika","description":"Dezinfekcija, gradnja, auto-moto, \u010di\u0161\u0107enje, ambala\u017ea","publisher":{"@id":"https:\/\/kemoplastika.hr\/#organization"},"potentialAction":[{"@type":"SearchAction","target":{"@type":"EntryPoint","urlTemplate":"https:\/\/kemoplastika.hr\/?s={search_term_string}"},"query-input":{"@type":"PropertyValueSpecification","valueRequired":true,"valueName":"search_term_string"}}],"inLanguage":"hr"},{"@type":"Organization","@id":"https:\/\/kemoplastika.hr\/#organization","name":"Kemoplastika","url":"https:\/\/kemoplastika.hr\/","logo":{"@type":"ImageObject","inLanguage":"hr","@id":"https:\/\/kemoplastika.hr\/#\/schema\/logo\/image\/","url":"https:\/\/kemoplastika.hr\/wp-content\/uploads\/2025\/09\/logo.svg","contentUrl":"https:\/\/kemoplastika.hr\/wp-content\/uploads\/2025\/09\/logo.svg","width":100,"height":100,"caption":"Kemoplastika"},"image":{"@id":"https:\/\/kemoplastika.hr\/#\/schema\/logo\/image\/"},"sameAs":["https:\/\/www.facebook.com\/profile.php?id=61559590600523"]}]}},"_links":{"self":[{"href":"https:\/\/kemoplastika.hr\/index.php\/wp-json\/wp\/v2\/product\/5893","targetHints":{"allow":["GET"]}}],"collection":[{"href":"https:\/\/kemoplastika.hr\/index.php\/wp-json\/wp\/v2\/product"}],"about":[{"href":"https:\/\/kemoplastika.hr\/index.php\/wp-json\/wp\/v2\/types\/product"}],"replies":[{"embeddable":true,"href":"https:\/\/kemoplastika.hr\/index.php\/wp-json\/wp\/v2\/comments?post=5893"}],"version-history":[{"count":5,"href":"https:\/\/kemoplastika.hr\/index.php\/wp-json\/wp\/v2\/product\/5893\/revisions"}],"predecessor-version":[{"id":8529,"href":"https:\/\/kemoplastika.hr\/index.php\/wp-json\/wp\/v2\/product\/5893\/revisions\/8529"}],"wp:featuredmedia":[{"embeddable":true,"href":"https:\/\/kemoplastika.hr\/index.php\/wp-json\/wp\/v2\/media\/8525"}],"wp:attachment":[{"href":"https:\/\/kemoplastika.hr\/index.php\/wp-json\/wp\/v2\/media?parent=5893"}],"wp:term":[{"taxonomy":"brand","embeddable":true,"href":"https:\/\/kemoplastika.hr\/index.php\/wp-json\/wp\/v2\/etheme_brands?post=5893"},{"taxonomy":"product_brand","embeddable":true,"href":"https:\/\/kemoplastika.hr\/index.php\/wp-json\/wp\/v2\/product_brand?post=5893"},{"taxonomy":"product_cat","embeddable":true,"href":"https:\/\/kemoplastika.hr\/index.php\/wp-json\/wp\/v2\/product_cat?post=5893"},{"taxonomy":"product_tag","embeddable":true,"href":"https:\/\/kemoplastika.hr\/index.php\/wp-json\/wp\/v2\/product_tag?post=5893"}],"curies":[{"name":"wp","href":"https:\/\/api.w.org\/{rel}","templated":true}]}}