{"id":4541,"date":"2019-09-28T15:48:16","date_gmt":"2019-09-28T15:48:16","guid":{"rendered":"https:\/\/xstore.8theme.com\/demos\/2\/home-decor\/?post_type=product&#038;p=4541"},"modified":"2026-03-11T07:24:46","modified_gmt":"2026-03-11T07:24:46","slug":"hobby-lak-boja-za-kozu","status":"publish","type":"product","link":"https:\/\/kemoplastika.hr\/index.php\/product\/hobby-lak-boja-za-kozu\/","title":{"rendered":"Hobby lak boja za ko\u017eu"},"content":{"rendered":"<p>Pokrivna lak boja namijenjena za bojanje predmeta od prirodne i umjetne ko\u017ee kao \u0161to su nov\u010danik, remen, torba, cipele i sli\u010dno.<br \/>\nHobby lak boja za ko\u017eu dobro prekriva manja o\u0161te\u0107enja, brzo se su\u0161i, ne lju\u0161ti se i ne ostavlja tragove na odje\u0107i i predmetima s kojima dolazi u kontakt.<\/p>\n<p>Proizvod je na bazi vode stoga njegova upotreba ne predstavlja opasnost za ljudsko zdravlje, niti zahtjeva posebne mjere za\u0161tite prilikom kori\u0161tenja.<\/p>\n","protected":false},"excerpt":{"rendered":"<p><img loading=\"lazy\" loading=\"lazy\" decoding=\"async\" class=\"alignnone wp-image-5421\" src=\"https:\/\/kemoplastika.hr\/wp-content\/uploads\/2019\/09\/Hobby-lak-boja-za-kozu-boje-kvadrat.jpg\" alt=\"\" width=\"139\" height=\"146\" srcset=\"https:\/\/kemoplastika.hr\/wp-content\/uploads\/2019\/09\/Hobby-lak-boja-za-kozu-boje-kvadrat.jpg 223w, https:\/\/kemoplastika.hr\/wp-content\/uploads\/2019\/09\/Hobby-lak-boja-za-kozu-boje-kvadrat-1x1.jpg 1w, https:\/\/kemoplastika.hr\/wp-content\/uploads\/2019\/09\/Hobby-lak-boja-za-kozu-boje-kvadrat-10x10.jpg 10w\" sizes=\"auto, (max-width: 139px) 100vw, 139px\" \/><\/p>\n<p>Proizvod je na bazi vode stoga njegova upotreba ne predstavlja opasnost za ljudsko zdravlje, niti zahtjeva posebne mjere za\u0161tite prilikom kori\u0161tenja.<\/p>\n","protected":false},"featured_media":8335,"comment_status":"open","ping_status":"closed","template":"","meta":[],"etheme_brands":[],"product_brand":[],"product_cat":[33],"product_tag":[],"class_list":{"0":"post-4541","1":"product","2":"type-product","3":"status-publish","4":"has-post-thumbnail","6":"product_cat-ostalo","8":"first","9":"instock","10":"shipping-taxable","11":"purchasable","12":"product-type-variable"},"yoast_head":"<!-- This site is optimized with the Yoast SEO plugin v27.5 - https:\/\/yoast.com\/product\/yoast-seo-wordpress\/ -->\n<title>Hobby lak boja za ko\u017eu - Kemoplastika<\/title>\n<meta name=\"robots\" content=\"index, follow, max-snippet:-1, max-image-preview:large, max-video-preview:-1\" \/>\n<link rel=\"canonical\" href=\"https:\/\/kemoplastika.hr\/index.php\/product\/hobby-lak-boja-za-kozu\/\" \/>\n<meta property=\"og:locale\" content=\"hr_HR\" \/>\n<meta property=\"og:type\" content=\"article\" \/>\n<meta property=\"og:title\" content=\"Hobby lak boja za ko\u017eu - Kemoplastika\" \/>\n<meta property=\"og:description\" content=\"Proizvod je na bazi vode stoga njegova upotreba ne predstavlja opasnost za ljudsko zdravlje, niti zahtjeva posebne mjere za\u0161tite prilikom kori\u0161tenja.\" \/>\n<meta property=\"og:url\" content=\"https:\/\/kemoplastika.hr\/index.php\/product\/hobby-lak-boja-za-kozu\/\" \/>\n<meta property=\"og:site_name\" content=\"Kemoplastika\" \/>\n<meta property=\"article:publisher\" content=\"https:\/\/www.facebook.com\/profile.php?id=61559590600523\" \/>\n<meta property=\"article:modified_time\" content=\"2026-03-11T07:24:46+00:00\" \/>\n<meta property=\"og:image\" content=\"https:\/\/kemoplastika.hr\/wp-content\/uploads\/2019\/09\/boja-za-kozu-crna-kemoplastika.webp\" \/>\n\t<meta property=\"og:image:width\" content=\"586\" \/>\n\t<meta property=\"og:image:height\" content=\"439\" \/>\n\t<meta property=\"og:image:type\" content=\"image\/webp\" \/>\n<meta name=\"twitter:card\" content=\"summary_large_image\" \/>\n<script type=\"application\/ld+json\" class=\"yoast-schema-graph\">{\"@context\":\"https:\\\/\\\/schema.org\",\"@graph\":[{\"@type\":\"WebPage\",\"@id\":\"https:\\\/\\\/kemoplastika.hr\\\/index.php\\\/product\\\/hobby-lak-boja-za-kozu\\\/\",\"url\":\"https:\\\/\\\/kemoplastika.hr\\\/index.php\\\/product\\\/hobby-lak-boja-za-kozu\\\/\",\"name\":\"Hobby lak boja za ko\u017eu - Kemoplastika\",\"isPartOf\":{\"@id\":\"https:\\\/\\\/kemoplastika.hr\\\/#website\"},\"primaryImageOfPage\":{\"@id\":\"https:\\\/\\\/kemoplastika.hr\\\/index.php\\\/product\\\/hobby-lak-boja-za-kozu\\\/#primaryimage\"},\"image\":{\"@id\":\"https:\\\/\\\/kemoplastika.hr\\\/index.php\\\/product\\\/hobby-lak-boja-za-kozu\\\/#primaryimage\"},\"thumbnailUrl\":\"https:\\\/\\\/kemoplastika.hr\\\/wp-content\\\/uploads\\\/2019\\\/09\\\/boja-za-kozu-crna-kemoplastika.webp\",\"datePublished\":\"2019-09-28T15:48:16+00:00\",\"dateModified\":\"2026-03-11T07:24:46+00:00\",\"breadcrumb\":{\"@id\":\"https:\\\/\\\/kemoplastika.hr\\\/index.php\\\/product\\\/hobby-lak-boja-za-kozu\\\/#breadcrumb\"},\"inLanguage\":\"hr\",\"potentialAction\":[{\"@type\":\"ReadAction\",\"target\":[\"https:\\\/\\\/kemoplastika.hr\\\/index.php\\\/product\\\/hobby-lak-boja-za-kozu\\\/\"]}]},{\"@type\":\"ImageObject\",\"inLanguage\":\"hr\",\"@id\":\"https:\\\/\\\/kemoplastika.hr\\\/index.php\\\/product\\\/hobby-lak-boja-za-kozu\\\/#primaryimage\",\"url\":\"https:\\\/\\\/kemoplastika.hr\\\/wp-content\\\/uploads\\\/2019\\\/09\\\/boja-za-kozu-crna-kemoplastika.webp\",\"contentUrl\":\"https:\\\/\\\/kemoplastika.hr\\\/wp-content\\\/uploads\\\/2019\\\/09\\\/boja-za-kozu-crna-kemoplastika.webp\",\"width\":586,\"height\":439},{\"@type\":\"BreadcrumbList\",\"@id\":\"https:\\\/\\\/kemoplastika.hr\\\/index.php\\\/product\\\/hobby-lak-boja-za-kozu\\\/#breadcrumb\",\"itemListElement\":[{\"@type\":\"ListItem\",\"position\":1,\"name\":\"Po\u010detna stranica\",\"item\":\"https:\\\/\\\/kemoplastika.hr\\\/\"},{\"@type\":\"ListItem\",\"position\":2,\"name\":\"Trgovina\",\"item\":\"https:\\\/\\\/kemoplastika.hr\\\/index.php\\\/trgovina\\\/\"},{\"@type\":\"ListItem\",\"position\":3,\"name\":\"Hobby lak boja za ko\u017eu\"}]},{\"@type\":\"WebSite\",\"@id\":\"https:\\\/\\\/kemoplastika.hr\\\/#website\",\"url\":\"https:\\\/\\\/kemoplastika.hr\\\/\",\"name\":\"Kemoplastika\",\"description\":\"Dezinfekcija, gradnja, auto-moto, \u010di\u0161\u0107enje, ambala\u017ea\",\"publisher\":{\"@id\":\"https:\\\/\\\/kemoplastika.hr\\\/#organization\"},\"potentialAction\":[{\"@type\":\"SearchAction\",\"target\":{\"@type\":\"EntryPoint\",\"urlTemplate\":\"https:\\\/\\\/kemoplastika.hr\\\/?s={search_term_string}\"},\"query-input\":{\"@type\":\"PropertyValueSpecification\",\"valueRequired\":true,\"valueName\":\"search_term_string\"}}],\"inLanguage\":\"hr\"},{\"@type\":\"Organization\",\"@id\":\"https:\\\/\\\/kemoplastika.hr\\\/#organization\",\"name\":\"Kemoplastika\",\"url\":\"https:\\\/\\\/kemoplastika.hr\\\/\",\"logo\":{\"@type\":\"ImageObject\",\"inLanguage\":\"hr\",\"@id\":\"https:\\\/\\\/kemoplastika.hr\\\/#\\\/schema\\\/logo\\\/image\\\/\",\"url\":\"https:\\\/\\\/kemoplastika.hr\\\/wp-content\\\/uploads\\\/2025\\\/09\\\/logo.svg\",\"contentUrl\":\"https:\\\/\\\/kemoplastika.hr\\\/wp-content\\\/uploads\\\/2025\\\/09\\\/logo.svg\",\"width\":100,\"height\":100,\"caption\":\"Kemoplastika\"},\"image\":{\"@id\":\"https:\\\/\\\/kemoplastika.hr\\\/#\\\/schema\\\/logo\\\/image\\\/\"},\"sameAs\":[\"https:\\\/\\\/www.facebook.com\\\/profile.php?id=61559590600523\"]}]}<\/script>\n<!-- \/ Yoast SEO plugin. -->","yoast_head_json":{"title":"Hobby lak boja za ko\u017eu - Kemoplastika","robots":{"index":"index","follow":"follow","max-snippet":"max-snippet:-1","max-image-preview":"max-image-preview:large","max-video-preview":"max-video-preview:-1"},"canonical":"https:\/\/kemoplastika.hr\/index.php\/product\/hobby-lak-boja-za-kozu\/","og_locale":"hr_HR","og_type":"article","og_title":"Hobby lak boja za ko\u017eu - Kemoplastika","og_description":"Proizvod je na bazi vode stoga njegova upotreba ne predstavlja opasnost za ljudsko zdravlje, niti zahtjeva posebne mjere za\u0161tite prilikom kori\u0161tenja.","og_url":"https:\/\/kemoplastika.hr\/index.php\/product\/hobby-lak-boja-za-kozu\/","og_site_name":"Kemoplastika","article_publisher":"https:\/\/www.facebook.com\/profile.php?id=61559590600523","article_modified_time":"2026-03-11T07:24:46+00:00","og_image":[{"width":586,"height":439,"url":"https:\/\/kemoplastika.hr\/wp-content\/uploads\/2019\/09\/boja-za-kozu-crna-kemoplastika.webp","type":"image\/webp"}],"twitter_card":"summary_large_image","schema":{"@context":"https:\/\/schema.org","@graph":[{"@type":"WebPage","@id":"https:\/\/kemoplastika.hr\/index.php\/product\/hobby-lak-boja-za-kozu\/","url":"https:\/\/kemoplastika.hr\/index.php\/product\/hobby-lak-boja-za-kozu\/","name":"Hobby lak boja za ko\u017eu - Kemoplastika","isPartOf":{"@id":"https:\/\/kemoplastika.hr\/#website"},"primaryImageOfPage":{"@id":"https:\/\/kemoplastika.hr\/index.php\/product\/hobby-lak-boja-za-kozu\/#primaryimage"},"image":{"@id":"https:\/\/kemoplastika.hr\/index.php\/product\/hobby-lak-boja-za-kozu\/#primaryimage"},"thumbnailUrl":"https:\/\/kemoplastika.hr\/wp-content\/uploads\/2019\/09\/boja-za-kozu-crna-kemoplastika.webp","datePublished":"2019-09-28T15:48:16+00:00","dateModified":"2026-03-11T07:24:46+00:00","breadcrumb":{"@id":"https:\/\/kemoplastika.hr\/index.php\/product\/hobby-lak-boja-za-kozu\/#breadcrumb"},"inLanguage":"hr","potentialAction":[{"@type":"ReadAction","target":["https:\/\/kemoplastika.hr\/index.php\/product\/hobby-lak-boja-za-kozu\/"]}]},{"@type":"ImageObject","inLanguage":"hr","@id":"https:\/\/kemoplastika.hr\/index.php\/product\/hobby-lak-boja-za-kozu\/#primaryimage","url":"https:\/\/kemoplastika.hr\/wp-content\/uploads\/2019\/09\/boja-za-kozu-crna-kemoplastika.webp","contentUrl":"https:\/\/kemoplastika.hr\/wp-content\/uploads\/2019\/09\/boja-za-kozu-crna-kemoplastika.webp","width":586,"height":439},{"@type":"BreadcrumbList","@id":"https:\/\/kemoplastika.hr\/index.php\/product\/hobby-lak-boja-za-kozu\/#breadcrumb","itemListElement":[{"@type":"ListItem","position":1,"name":"Po\u010detna stranica","item":"https:\/\/kemoplastika.hr\/"},{"@type":"ListItem","position":2,"name":"Trgovina","item":"https:\/\/kemoplastika.hr\/index.php\/trgovina\/"},{"@type":"ListItem","position":3,"name":"Hobby lak boja za ko\u017eu"}]},{"@type":"WebSite","@id":"https:\/\/kemoplastika.hr\/#website","url":"https:\/\/kemoplastika.hr\/","name":"Kemoplastika","description":"Dezinfekcija, gradnja, auto-moto, \u010di\u0161\u0107enje, ambala\u017ea","publisher":{"@id":"https:\/\/kemoplastika.hr\/#organization"},"potentialAction":[{"@type":"SearchAction","target":{"@type":"EntryPoint","urlTemplate":"https:\/\/kemoplastika.hr\/?s={search_term_string}"},"query-input":{"@type":"PropertyValueSpecification","valueRequired":true,"valueName":"search_term_string"}}],"inLanguage":"hr"},{"@type":"Organization","@id":"https:\/\/kemoplastika.hr\/#organization","name":"Kemoplastika","url":"https:\/\/kemoplastika.hr\/","logo":{"@type":"ImageObject","inLanguage":"hr","@id":"https:\/\/kemoplastika.hr\/#\/schema\/logo\/image\/","url":"https:\/\/kemoplastika.hr\/wp-content\/uploads\/2025\/09\/logo.svg","contentUrl":"https:\/\/kemoplastika.hr\/wp-content\/uploads\/2025\/09\/logo.svg","width":100,"height":100,"caption":"Kemoplastika"},"image":{"@id":"https:\/\/kemoplastika.hr\/#\/schema\/logo\/image\/"},"sameAs":["https:\/\/www.facebook.com\/profile.php?id=61559590600523"]}]}},"_links":{"self":[{"href":"https:\/\/kemoplastika.hr\/index.php\/wp-json\/wp\/v2\/product\/4541","targetHints":{"allow":["GET"]}}],"collection":[{"href":"https:\/\/kemoplastika.hr\/index.php\/wp-json\/wp\/v2\/product"}],"about":[{"href":"https:\/\/kemoplastika.hr\/index.php\/wp-json\/wp\/v2\/types\/product"}],"replies":[{"embeddable":true,"href":"https:\/\/kemoplastika.hr\/index.php\/wp-json\/wp\/v2\/comments?post=4541"}],"version-history":[{"count":2,"href":"https:\/\/kemoplastika.hr\/index.php\/wp-json\/wp\/v2\/product\/4541\/revisions"}],"predecessor-version":[{"id":5422,"href":"https:\/\/kemoplastika.hr\/index.php\/wp-json\/wp\/v2\/product\/4541\/revisions\/5422"}],"wp:featuredmedia":[{"embeddable":true,"href":"https:\/\/kemoplastika.hr\/index.php\/wp-json\/wp\/v2\/media\/8335"}],"wp:attachment":[{"href":"https:\/\/kemoplastika.hr\/index.php\/wp-json\/wp\/v2\/media?parent=4541"}],"wp:term":[{"taxonomy":"brand","embeddable":true,"href":"https:\/\/kemoplastika.hr\/index.php\/wp-json\/wp\/v2\/etheme_brands?post=4541"},{"taxonomy":"product_brand","embeddable":true,"href":"https:\/\/kemoplastika.hr\/index.php\/wp-json\/wp\/v2\/product_brand?post=4541"},{"taxonomy":"product_cat","embeddable":true,"href":"https:\/\/kemoplastika.hr\/index.php\/wp-json\/wp\/v2\/product_cat?post=4541"},{"taxonomy":"product_tag","embeddable":true,"href":"https:\/\/kemoplastika.hr\/index.php\/wp-json\/wp\/v2\/product_tag?post=4541"}],"curies":[{"name":"wp","href":"https:\/\/api.w.org\/{rel}","templated":true}]}}